 7*m(u). Give r(4).
4
Let f(x) = -10*x**3 + 0 + 13*x**3 + 2 - x**3 - 3*x**2. Give f(2).
6
Let c(o) = -2 - 24 - 10*o + 9 + o**2. Give c(12).
7
Let f(l) be the first derivative of 5*l**3/3 - 2*l**2 - 2*l + 26. Calculate f(2).
10
Let b(z) be the third derivative of z**6/120 - z**5/10 - 4*z**3/3 - 2*z**2. Let q be (-3201)/(-485) + 3/(-5) + 0. What is b(q)?
-8
Let s(c) = -c**2 + c - 1. Let b(a) = 4*a**2 - 10*a + 5. Let r(d) = -b(d) - 3*s(d). Calculate r(6).
4
Let m(n) = 8*n - 11. Let i(z) be the first derivative of -7*z**2/2 + 10*z - 8. Let u(c) = 7*i(c) + 6*m(c). What is u(2)?
2
Let o(f) be the first derivative of f**3/3 + 5*f**2 + 4*f + 184. Determine o(-9).
-5
Let i(s) = -3*s - 19. Let a(g) = -3*g - 25. Let d be a(-7). Calculate i(d).
-7
Let w be (-4)/3*(-27)/6. Let l(x) = 3*x + 8. Let n(h) = 8*h + 24. Let u(z) = -17*l(z) + 6*n(z). Determine u(w).
-10
Let z(d) be the third derivative of -1/30*d**5 + 1/360*d**6 + 0*d - 1/24*d**4 + 2/3*d**3 + 2*d**2 + 0. Let q(k) be the first derivative of z(k). Give q(5).
4
Let l(h) = -3*h + 3. Let m be (3/6)/((-23)/184). Give l(m).
15
Let z(t) be the first derivative of -7*t**2 - t + 406. Suppose -2*c + 18 = 4*q, 0 = -2*q + 3*q - 5. What is z(c)?
13
Let v(i) = i - 7. Let m(l) = -l**3 - 6*l**2 + 14*l - 11. Let t be m(-8). Determine v(t).
-2
Let r(w) be the first derivative of w**3/3 + 3*w**2 + 5*w + 26. Calculate r(-4).
-3
Let w(v) be the third derivative of 0 - 10*v**2 - 1/15*v**5 + 1/12*v**4 - 1/2*v**3 + 0*v + 1/120*v**6. Give w(2).
-7
Suppose 4*j - 14 = 2*q, -2*q - 5 = 3*q. Let s be j + -2 + 1 + 0 + 2. Let c(l) = -2*l + 3. Give c(s).
-5
Let h = -9 - -9. Let v(x) = -2*x + 3*x + 255 - 241. What is v(h)?
14
Let u(l) = l**3 + 3. Let r(b) = -b**2 + 7*b - 6. Let i be r(5). Suppose -i = -15*f + 13*f. Let p(z) = -2*z + 4. Let q be p(f). What is u(q)?
3
Let q(o) = o**2 - 6*o - 8. Let h be q(6). Let l = -10 - h. Let w(a) = -a**3 - 2*a**2 + 2*a + 1. Let d be w(l). Let c(k) = -k**3 - 2*k**2 + k - 4. Give c(d).
2
Let j(x) be the first derivative of 7*x**2/2 + 14*x - 206. What is j(6)?
56
Let q(l) = 5 + 4*l + 0*l**2 - 10*l + 2*l + l**2 + 7*l. Give q(-6).
23
Let f = 150 + -150. Let k(v) be the first derivative of -v**2/2 - 16*v + 1. What is k(f)?
-16
Let d be (-4 - (2 - 5))*(-1 + 2). Let n(z) = -6*z + 1. What is n(d)?
7
Let o = -161 + 162. Let l(k) = -6*k + 1. Calculate l(o).
-5
Let j(r) be the second derivative of -r**8/6720 - r**7/504 + 7*r**6/720 + r**5/40 + 17*r**4/6 - 32*r. Let o(b) be the third derivative of j(b). Give o(-6).
-3
Let o(s) be the third derivative of s**5/20 + s**4/12 + s**3/6 - 304*s**2. Suppose g + 3*g - 2*p = -12, 4*g + 14 = 3*p. Calculate o(g).
9
Let q(t) be the second derivative of -t**4/12 + 4*t**3/3 - 4*t**2 - t - 39. Let v(f) = -f + 2. Let a be v(-4). Calculate q(a).
4
Let f be (-2)/(-8)*-3 + (-2783)/(-484). Let c(t) be the second derivative of 0 + 1/2*t**3 + t**2 + 5/12*t**4 + 1/20*t**f + 8*t. Determine c(-4).
6
Let m(q) = -q**2 + 6*q + 4. Let y = -211 - -214. Give m(y).
13
Let a(s) = -2*s**2 + 27*s + 37. Let y be a(15). Let o(z) = 5*z + 1. Calculate o(y).
-39
Let f(s) be the third derivative of -s**4/24 + 56*s**2. Determine f(2).
-2
Let d = -111 + 107. Let s(k) be the second derivative of k**5/20 + 5*k**4/12 - k**2 - 2*k. Give s(d).
14
Let h(i) be the first derivative of -i**4/4 + i**2 + i + 141. Let b(v) = 2*v**2 + v - 1. Let x be b(1). Give h(x).
-3
Let n(f) = -f**3 + 8*f**2 - 9*f + 6. Suppose s + 0*s - 35 = 0. Suppose 2*t - s = -3*t. What is n(t)?
-8
Suppose -3*k - 5*z = 14, -2*k - z = -2 + 9. Let p(w) = 2*w + 2 + 2*w - 4 + w**2. Give p(k).
-5
Let g(m) = m**2 + 17. Let i be 0/(-2 + 6)*(-38)/152. Calculate g(i).
17
Let w(b) = 15*b - 8. Let c(z) = 12*z - 7. Let k(d) = -6*c(d) + 5*w(d). Calculate k(5).
17
Let n(m) = -m + 9. Let r be -1 + 4 + (-6 - -3). Determine n(r).
9
Let x(s) = 7 - 7*s - s**3 - 6 + 9*s - 7*s**2. Let a(t) = -2*t**3 - 13*t**2 + 5*t + 3. Let q(j) = -3*a(j) + 5*x(j). What is q(-5)?
-4
Let o(x) = -908*x - 3*x**2 + 9*x**2 + 906*x. Determine o(2).
20
Let g be 5 + -2 + -3 + 2. Let r(b) = 8*b + 4. Let v(s) = 4*s + 2. Suppose -8*x = -4*x - 24. Let d(i) = x*r(i) - 11*v(i). What is d(g)?
10
Let y(r) = -r + 4860 - 4861 + 5*r - 3*r. Calculate y(-3).
-4
Let j(d) = d**2 - d. Let k be j(1). Let w(b) = -27*b**3 - 115*b**2 - 4*b + 65. Let a(r) = 7*r**3 + 30*r**2 + r - 17. Let i(y) = -23*a(y) - 6*w(y). What is i(k)?
1
Suppose 4*f - 5 - 7 = 0. Suppose h = d + 20, -5*h - f*d + 100 = -2*d. Suppose -4*x + 8*x - h = 0. Let p(c) = -c + 5. Calculate p(x).
0
Let t(j) = 5*j + 26. Let q(b) = -b**3 + 27*b**2 - 8*b + 210. Let k be q(27). What is t(k)?
-4
Let r(p) = -2*p - 5. Let m(t) = t**2 - 33*t + 84. Let z be m(30). What is r(z)?
7
Let t(m) = -m**2 - 3*m + 3. Let x be t(-6). Let i = -9 - x. Suppose -4*r = 2*n + 16, 0*r - 4*n = -5*r + i. Let c(b) = 2*b**2 + 2*b - 2. Calculate c(r).
2
Suppose -2*z = -6 + 2. Let i be (-3)/(-9) - z/6. Suppose -g = 4*b + 8, 7*b - 2*b - 3*g + 27 = i. Let l(s) = -s - 7. Calculate l(b).
-4
Let p(u) be the second derivative of 0 - 8*u + 0*u**2 + 1/12*u**4 + 2/3*u**3 + 1/120*u**5. Let f(q) be the second derivative of p(q). Calculate f(5).
7
Let x(v) be the first derivative of v**4/4 + 8*v**3/3 - 17*v**2/2 + 20*v - 615. Determine x(-10).
-10
Suppose 2*x + 5 - 3 = 0. Let b(p) = -18*p**2 + 2*p + 1. Determine b(x).
-19
Let f(a) = a**2 - 4*a + 5. Let i = -15 + 25. Suppose -h - g - 3*g = -i, 3*h = 5*g + 115. Let w = 35 - h. What is f(w)?
10
Let f(d) = -7*d**2 - 46*d + 73. Let v(w) = -3*w**2 - 17*w + 36. Let r(m) = -2*f(m) + 5*v(m). Give r(11).
-10
Let o(l) = -l**3 - 4*l**2 + 2*l - 7. Suppose 6*g + 1330 = g. Let i be 8/(-36) - g/(-18). Let j = 10 + i. Determine o(j).
8
Suppose -4*t + 2*t = -6. Suppose t*d - 8 = 4*d. Let r(f) = f**2 + 8*f - 2. What is r(d)?
-2
Let i = 12 + -18. Let j(k) = -2*k**2 - 11*k + 13. Let n be j(i). Let s(z) = z**2 - 9*z + 8. Give s(n).
-6
Suppose 4 = 4*h - 4*z, 4*z + 5 = 2*h + 9. Let s(n) be the third derivative of -7*n**2 + 0*n + 0 + 1/6*n**3 - 1/24*n**h. Determine s(3).
-2
Let i(y) = -13*y. Let h(t) = -t**3 + 2*t**2 - 2. Let d be h(2). Let r be 3/d*4/(-6). Suppose r = -0*o + o. Calculate i(o).
-13
Let x(u) = -3*u**2 + 2*u - 2. Suppose 13*m - 1 = 12. Calculate x(m).
-3
Let c(a) = -a + 15. Suppose -6*v + 666 = 630. What is c(v)?
9
Let a(s) be the first derivative of -s**4/4 - s**2/2 + 19*s + 15. Determine a(0).
19
Let v be 8/(-20) - (-34)/10. Let j = -1 + v. Let w(k) = -j + 4*k + 4 + 0 - 3. Determine w(1).
3
Suppose -7*c + 52 + 18 = 0. Let o be (-16 + c)*2/6. Let l(k) = 3*k**2 - 2*k - 2. Determine l(o).
14
Let k(h) = 1 - 6*h**2 - 4*h**3 + 2 - 579*h + 585*h + 2. Let x(d) = d**3 - 1 - 2*d + 2*d. Let n(c) = -k(c) - 5*x(c). Give n(5).
-5
Let t(w) = -7*w - w - 4*w - 9*w + 22*w - w**3 + 1 - 2*w**2. Calculate t(2).
-13
Let j(d) = -3*d + 4. Let x(i) = 2*i**2 - 91*i - 44. Let g be x(46). Calculate j(g).
-2
Let w = -23 + 10. Let t = -12 - w. Suppose 2*m - 2*o = -16, -m - 2*o = 2*m - t. Let i(b) = -b**2 - 4*b - 2. Determine i(m).
1
Let s(l) = 15*l + 57. Let i(j) = j + 3. Let u(x) = 18*i(x) - s(x). Calculate u(4).
9
Let x = -10 + 15. Let h(n) = 4 - 11 + 3*n - 4*n + 7*n - 3*n. Determine h(x).
8
Let p = 27 + -16. Suppose 4*i - 2*y + 21 + p = 0, i + 22 = 4*y. Let f(n) = -3*n - 1. Let q(l) = -4*l - 2. Let c(j) = 6*f(j) - 5*q(j). What is c(i)?
-8
Let f(k) = k**2 + 6*k + 5. Let t be f(-5). Suppose 4*j = 6 + 6. Let u(b) = b**2 + b**2 + 2*b**2 - 3*b**2 - j. Determine u(t).
-3
Let t = 15 - 19. Let c(y) = -2*y**2 + 2*y. Let d(z) be the third derivative of -z**4/24 + z**2. Let i(u) = t*d(u) - 2*c(u). What is i(-1)?
4
Let a(o) = -2 - o + 0*o - 4 + 13 + 3. Let j = 6 - 1. Give a(j).
5
Let f(c) = -4*c + 0*c - 1 + 2*c - c**2. Let x(o) = 4*o**2 + 31*o - 9. Let h be x(-8). Determine f(h).
0
Let y(j) = -16 - 2*j + 13 + j - 4. What is y(0)?
-7
Suppose 0 = 2*a + 5*p - 42, a - 8*p + 3*p - 51 = 0. Suppose -3*q = 4*c - 0*c + a, -23 = 3*q + 2*c. Let m(l) = -2*l - 4. Determine m(q).
6
Suppose -4*f - 1 = -13. Suppose -2*m + 15*y - 12*y = -23, -4*y = -m + 19. Let h(b) = 8 + 1 - 4*b - 2*b**2 - 3 - m + b**f. Give h(3).
-4
Let g(s) = s**2 - 3. Let b(t) = -t**3 - 2*t**2 - 4. Let z be b(-3). Suppose 6*x - 2*x + 4*a = 0, -5*x + z*a = 0. What is g(x)?
-3
Suppose -4*v - 10 = -38. Let o(s) = -s**2 + 10*s +